{"id":40675,"date":"2024-04-23T13:51:04","date_gmt":"2024-04-23T11:51:04","guid":{"rendered":"https:\/\/kilim-age.com\/?post_type=product&#038;p=40675"},"modified":"2025-07-30T19:27:00","modified_gmt":"2025-07-30T17:27:00","slug":"comprar-kilim-barato","status":"publish","type":"product","link":"https:\/\/kilim-age.com\/es\/producto\/comprar-kilim-barato\/","title":{"rendered":"Kilim turco 117&#215;207 cm"},"content":{"rendered":"<strong>Dale un Toque de Calidez y Estilo a tu Hogar con Nuestros Kilims Artesanales Baratos<\/strong><\/p>\n<p>Comprar Kilim barato. \u00bfEst\u00e1s buscando una forma econ\u00f3mica de a\u00f1adir personalidad y encanto a tu hogar? \u00a1No busques m\u00e1s! Nuestros kilims artesanales baratos son la soluci\u00f3n perfecta para transformar cualquier espacio con estilo y distinci\u00f3n.<\/p>\n<p>Elaborados con cuidado y dedicaci\u00f3n por h\u00e1biles artesanos, cada uno de nuestros kilims es una verdadera obra de arte \u00fanica en su clase. Con un dise\u00f1o <a href=\"https:\/\/kilim-age.com\/es\/about\/\">\u00e9tnico vibrante<\/a> y una paleta de colores que incluye el dominante naranja y otros tonos alegres, estos tapices a\u00f1adir\u00e1n un toque de calidez y vitalidad a cualquier habitaci\u00f3n.<\/p>\n<p>Ya sea que desees realzar tu sala de estar, darle vida a tu dormitorio o a\u00f1adir un toque de color a tu pasillo, nuestros kilims son la elecci\u00f3n perfecta. Su versatilidad los hace ideales para cualquier ambiente, mientras que su asequibilidad los convierte en una opci\u00f3n inteligente para quienes buscan calidad y estilo sin comprometer su presupuesto.<\/p>\n<p>Adem\u00e1s de su excepcional belleza, nuestros kilims baratos tambi\u00e9n son duraderos y resistentes, lo que garantiza que seguir\u00e1n luciendo su mejor aspecto durante a\u00f1os. As\u00ed que no esperes m\u00e1s, \u00a1<a href=\"https:\/\/www.micasarevista.com\/\">embellece tu hoga<\/a>r hoy mismo con nuestros kilims artesanales a precios incre\u00edbles!<\/p>\n<p>\u00a1Compra ahora y descubre c\u00f3mo un kilim barato puede transformar tu hogar y a\u00f1adir un toque de elegancia y estilo a tu vida!","protected":false},"excerpt":{"rendered":"<p>Fabricaci\u00f3n: Hecho a mano<br \/>\nTama\u00f1o: 117 X 207 cm<br \/>\nEstado: Nuevo<br \/>\nOrigen: Turqu\u00eda<br \/>\nMaterial: Lana<br \/>\nGrosor aprox: 1-2 mm<br \/>\nTe\u00f1ido colores naturales.<br \/>\nPlazo de entrega: 2-5 d\u00edas h\u00e1biles en Espa\u00f1a.<br \/>\nEuropa: 5-7 d\u00edas h\u00e1biles, resto de continentes 7-10 d\u00edas.<\/p>\n","protected":false},"featured_media":40676,"comment_status":"open","ping_status":"closed","template":"","meta":[],"product_brand":[],"product_cat":[61,829],"product_tag":[72],"class_list":{"0":"post-40675","1":"product","2":"type-product","3":"status-publish","4":"has-post-thumbnail","6":"product_cat-kilims","7":"product_cat-toda-la-coleccion-kilim","8":"product_tag-kilim","9":"product_shipping_class-kilim-mediano","10":"pa_ancho-cm-1049","11":"pa_ancho-cm-1012","12":"pa_color-naranja","13":"pa_largo-cm-884","14":"pa_largo-cm-925","16":"first","17":"outofstock","18":"sale","19":"sold-individually","20":"taxable","21":"shipping-taxable","22":"purchasable","23":"product-type-simple"},"yoast_head":"<!-- This site is optimized with the Yoast SEO plugin v24.8.1 - https:\/\/yoast.com\/wordpress\/plugins\/seo\/ -->\n<title>Comprar Kilim Barato | Kilim-Age | Rebajas de Primavera -60%<\/title>\n<meta name=\"description\" content=\"Comprar Kilim Barato \u00bfEst\u00e1s buscando una forma econ\u00f3mica de a\u00f1adir personalidad y encanto a tu hogar? \u00a1No busques m\u00e1s! Rebajas -60%\" \/>\n<meta name=\"robots\" content=\"index, follow, max-snippet:-1, max-image-preview:large, max-video-preview:-1\" \/>\n<link rel=\"canonical\" href=\"https:\/\/kilim-age.com\/es\/producto\/comprar-kilim-barato\/\" \/>\n<meta property=\"og:locale\" content=\"es_ES\" \/>\n<meta property=\"og:type\" content=\"article\" \/>\n<meta property=\"og:title\" content=\"Comprar Kilim Barato | Kilim-Age | Rebajas de Primavera -60%\" \/>\n<meta property=\"og:description\" content=\"Comprar Kilim Barato \u00bfEst\u00e1s buscando una forma econ\u00f3mica de a\u00f1adir personalidad y encanto a tu hogar? \u00a1No busques m\u00e1s! Rebajas -60%\" \/>\n<meta property=\"og:url\" content=\"https:\/\/kilim-age.com\/es\/producto\/comprar-kilim-barato\/\" \/>\n<meta property=\"og:site_name\" content=\"Kilim-Age\" \/>\n<meta property=\"article:modified_time\" content=\"2025-07-30T17:27:00+00:00\" \/>\n<meta property=\"og:image\" content=\"https:\/\/kilim-age.com\/wp-content\/uploads\/2024\/04\/IMG_2839.jpg\" \/>\n\t<meta property=\"og:image:width\" content=\"1000\" \/>\n\t<meta property=\"og:image:height\" content=\"1300\" \/>\n\t<meta property=\"og:image:type\" content=\"image\/jpeg\" \/>\n<meta name=\"twitter:card\" content=\"summary_large_image\" \/>\n<meta name=\"twitter:label1\" content=\"Tiempo de lectura\" \/>\n\t<meta name=\"twitter:data1\" content=\"1 minuto\" \/>\n<script type=\"application\/ld+json\" class=\"yoast-schema-graph\">{\"@context\":\"https:\/\/schema.org\",\"@graph\":[{\"@type\":\"WebPage\",\"@id\":\"https:\/\/kilim-age.com\/es\/producto\/comprar-kilim-barato\/\",\"url\":\"https:\/\/kilim-age.com\/es\/producto\/comprar-kilim-barato\/\",\"name\":\"Comprar Kilim Barato | Kilim-Age | Rebajas de Primavera -60%\",\"isPartOf\":{\"@id\":\"https:\/\/www.kilim-age.com\/es\/#website\"},\"primaryImageOfPage\":{\"@id\":\"https:\/\/kilim-age.com\/es\/producto\/comprar-kilim-barato\/#primaryimage\"},\"image\":{\"@id\":\"https:\/\/kilim-age.com\/es\/producto\/comprar-kilim-barato\/#primaryimage\"},\"thumbnailUrl\":\"https:\/\/kilim-age.com\/wp-content\/uploads\/2024\/04\/IMG_2839.jpg\",\"datePublished\":\"2024-04-23T11:51:04+00:00\",\"dateModified\":\"2025-07-30T17:27:00+00:00\",\"description\":\"Comprar Kilim Barato \u00bfEst\u00e1s buscando una forma econ\u00f3mica de a\u00f1adir personalidad y encanto a tu hogar? \u00a1No busques m\u00e1s! Rebajas -60%\",\"breadcrumb\":{\"@id\":\"https:\/\/kilim-age.com\/es\/producto\/comprar-kilim-barato\/#breadcrumb\"},\"inLanguage\":\"es\",\"potentialAction\":[{\"@type\":\"ReadAction\",\"target\":[\"https:\/\/kilim-age.com\/es\/producto\/comprar-kilim-barato\/\"]}]},{\"@type\":\"ImageObject\",\"inLanguage\":\"es\",\"@id\":\"https:\/\/kilim-age.com\/es\/producto\/comprar-kilim-barato\/#primaryimage\",\"url\":\"https:\/\/kilim-age.com\/wp-content\/uploads\/2024\/04\/IMG_2839.jpg\",\"contentUrl\":\"https:\/\/kilim-age.com\/wp-content\/uploads\/2024\/04\/IMG_2839.jpg\",\"width\":1000,\"height\":1300,\"caption\":\"comprar kilim barato\"},{\"@type\":\"BreadcrumbList\",\"@id\":\"https:\/\/kilim-age.com\/es\/producto\/comprar-kilim-barato\/#breadcrumb\",\"itemListElement\":[{\"@type\":\"ListItem\",\"position\":1,\"name\":\"Home\",\"item\":\"https:\/\/www.kilim-age.com\/es\/\"},{\"@type\":\"ListItem\",\"position\":2,\"name\":\"Shop\",\"item\":\"https:\/\/www.kilim-age.com\/es\/shop\/\"},{\"@type\":\"ListItem\",\"position\":3,\"name\":\"Kilim turco 117&#215;207 cm\"}]},{\"@type\":\"WebSite\",\"@id\":\"https:\/\/www.kilim-age.com\/es\/#website\",\"url\":\"https:\/\/www.kilim-age.com\/es\/\",\"name\":\"Kilim-Age\",\"description\":\"Somos especialistas en productos artesanales de Turqu\u00eda como Alfombras, y Kilims\",\"potentialAction\":[{\"@type\":\"SearchAction\",\"target\":{\"@type\":\"EntryPoint\",\"urlTemplate\":\"https:\/\/www.kilim-age.com\/es\/?s={search_term_string}\"},\"query-input\":{\"@type\":\"PropertyValueSpecification\",\"valueRequired\":true,\"valueName\":\"search_term_string\"}}],\"inLanguage\":\"es\"}]}<\/script>\n<!-- \/ Yoast SEO plugin. -->","yoast_head_json":{"title":"Comprar Kilim Barato | Kilim-Age | Rebajas de Primavera -60%","description":"Comprar Kilim Barato \u00bfEst\u00e1s buscando una forma econ\u00f3mica de a\u00f1adir personalidad y encanto a tu hogar? \u00a1No busques m\u00e1s! Rebajas -60%","robots":{"index":"index","follow":"follow","max-snippet":"max-snippet:-1","max-image-preview":"max-image-preview:large","max-video-preview":"max-video-preview:-1"},"canonical":"https:\/\/kilim-age.com\/es\/producto\/comprar-kilim-barato\/","og_locale":"es_ES","og_type":"article","og_title":"Comprar Kilim Barato | Kilim-Age | Rebajas de Primavera -60%","og_description":"Comprar Kilim Barato \u00bfEst\u00e1s buscando una forma econ\u00f3mica de a\u00f1adir personalidad y encanto a tu hogar? \u00a1No busques m\u00e1s! Rebajas -60%","og_url":"https:\/\/kilim-age.com\/es\/producto\/comprar-kilim-barato\/","og_site_name":"Kilim-Age","article_modified_time":"2025-07-30T17:27:00+00:00","og_image":[{"width":1000,"height":1300,"url":"https:\/\/kilim-age.com\/wp-content\/uploads\/2024\/04\/IMG_2839.jpg","type":"image\/jpeg"}],"twitter_card":"summary_large_image","twitter_misc":{"Tiempo de lectura":"1 minuto"},"schema":{"@context":"https:\/\/schema.org","@graph":[{"@type":"WebPage","@id":"https:\/\/kilim-age.com\/es\/producto\/comprar-kilim-barato\/","url":"https:\/\/kilim-age.com\/es\/producto\/comprar-kilim-barato\/","name":"Comprar Kilim Barato | Kilim-Age | Rebajas de Primavera -60%","isPartOf":{"@id":"https:\/\/www.kilim-age.com\/es\/#website"},"primaryImageOfPage":{"@id":"https:\/\/kilim-age.com\/es\/producto\/comprar-kilim-barato\/#primaryimage"},"image":{"@id":"https:\/\/kilim-age.com\/es\/producto\/comprar-kilim-barato\/#primaryimage"},"thumbnailUrl":"https:\/\/kilim-age.com\/wp-content\/uploads\/2024\/04\/IMG_2839.jpg","datePublished":"2024-04-23T11:51:04+00:00","dateModified":"2025-07-30T17:27:00+00:00","description":"Comprar Kilim Barato \u00bfEst\u00e1s buscando una forma econ\u00f3mica de a\u00f1adir personalidad y encanto a tu hogar? \u00a1No busques m\u00e1s! Rebajas -60%","breadcrumb":{"@id":"https:\/\/kilim-age.com\/es\/producto\/comprar-kilim-barato\/#breadcrumb"},"inLanguage":"es","potentialAction":[{"@type":"ReadAction","target":["https:\/\/kilim-age.com\/es\/producto\/comprar-kilim-barato\/"]}]},{"@type":"ImageObject","inLanguage":"es","@id":"https:\/\/kilim-age.com\/es\/producto\/comprar-kilim-barato\/#primaryimage","url":"https:\/\/kilim-age.com\/wp-content\/uploads\/2024\/04\/IMG_2839.jpg","contentUrl":"https:\/\/kilim-age.com\/wp-content\/uploads\/2024\/04\/IMG_2839.jpg","width":1000,"height":1300,"caption":"comprar kilim barato"},{"@type":"BreadcrumbList","@id":"https:\/\/kilim-age.com\/es\/producto\/comprar-kilim-barato\/#breadcrumb","itemListElement":[{"@type":"ListItem","position":1,"name":"Home","item":"https:\/\/www.kilim-age.com\/es\/"},{"@type":"ListItem","position":2,"name":"Shop","item":"https:\/\/www.kilim-age.com\/es\/shop\/"},{"@type":"ListItem","position":3,"name":"Kilim turco 117&#215;207 cm"}]},{"@type":"WebSite","@id":"https:\/\/www.kilim-age.com\/es\/#website","url":"https:\/\/www.kilim-age.com\/es\/","name":"Kilim-Age","description":"Somos especialistas en productos artesanales de Turqu\u00eda como Alfombras, y Kilims","potentialAction":[{"@type":"SearchAction","target":{"@type":"EntryPoint","urlTemplate":"https:\/\/www.kilim-age.com\/es\/?s={search_term_string}"},"query-input":{"@type":"PropertyValueSpecification","valueRequired":true,"valueName":"search_term_string"}}],"inLanguage":"es"}]}},"_links":{"self":[{"href":"https:\/\/kilim-age.com\/es\/wp-json\/wp\/v2\/product\/40675","targetHints":{"allow":["GET"]}}],"collection":[{"href":"https:\/\/kilim-age.com\/es\/wp-json\/wp\/v2\/product"}],"about":[{"href":"https:\/\/kilim-age.com\/es\/wp-json\/wp\/v2\/types\/product"}],"replies":[{"embeddable":true,"href":"https:\/\/kilim-age.com\/es\/wp-json\/wp\/v2\/comments?post=40675"}],"wp:featuredmedia":[{"embeddable":true,"href":"https:\/\/kilim-age.com\/es\/wp-json\/wp\/v2\/media\/40676"}],"wp:attachment":[{"href":"https:\/\/kilim-age.com\/es\/wp-json\/wp\/v2\/media?parent=40675"}],"wp:term":[{"taxonomy":"product_brand","embeddable":true,"href":"https:\/\/kilim-age.com\/es\/wp-json\/wp\/v2\/product_brand?post=40675"},{"taxonomy":"product_cat","embeddable":true,"href":"https:\/\/kilim-age.com\/es\/wp-json\/wp\/v2\/product_cat?post=40675"},{"taxonomy":"product_tag","embeddable":true,"href":"https:\/\/kilim-age.com\/es\/wp-json\/wp\/v2\/product_tag?post=40675"}],"curies":[{"name":"wp","href":"https:\/\/api.w.org\/{rel}","templated":true}]}}

<strong>Dale un Toque de Calidez y Estilo a tu Hogar con Nuestros Kilims Artesanales Baratos</strong></p>
<p>Comprar Kilim barato. ¿Estás buscando una forma económica de añadir personalidad y encanto a tu hogar? ¡No busques más! Nuestros kilims artesanales baratos son la solución perfecta para transformar cualquier espacio con estilo y distinción.</p>
<p>Elaborados con cuidado y dedicación por hábiles artesanos, cada uno de nuestros kilims es una verdadera obra de arte única en su clase. Con un diseño <a href="https://kilim-age.com/es/about/">étnico vibrante</a> y una paleta de colores que incluye el dominante naranja y otros tonos alegres, estos tapices añadirán un toque de calidez y vitalidad a cualquier habitación.</p>
<p>Ya sea que desees realzar tu sala de estar, darle vida a tu dormitorio o añadir un toque de color a tu pasillo, nuestros kilims son la elección perfecta. Su versatilidad los hace ideales para cualquier ambiente, mientras que su asequibilidad los convierte en una opción inteligente para quienes buscan calidad y estilo sin comprometer su presupuesto.</p>
<p>Además de su excepcional belleza, nuestros kilims baratos también son duraderos y resistentes, lo que garantiza que seguirán luciendo su mejor aspecto durante años. Así que no esperes más, ¡<a href="https://www.micasarevista.com/">embellece tu hoga</a>r hoy mismo con nuestros kilims artesanales a precios increíbles!</p>
<p>¡Compra ahora y descubre cómo un kilim barato puede transformar tu hogar y añadir un toque de elegancia y estilo a tu vida!

<p>Fabricación: Hecho a mano<br />
Tamaño: 117 X 207 cm<br />
Estado: Nuevo<br />
Origen: Turquía<br />
Material: Lana<br />
Grosor aprox: 1-2 mm<br />
Teñido colores naturales.<br />
Plazo de entrega: 2-5 días hábiles en España.<br />
Europa: 5-7 días hábiles, resto de continentes 7-10 días.</p>

<!-- This site is optimized with the Yoast SEO plugin v24.8.1 - https://yoast.com/wordpress/plugins/seo/ -->
<title>Comprar Kilim Barato | Kilim-Age | Rebajas de Primavera -60%</title>
<meta name="description" content="Comprar Kilim Barato ¿Estás buscando una forma económica de añadir personalidad y encanto a tu hogar? ¡No busques más! Rebajas -60%" />
<meta name="robots" content="index, follow, max-snippet:-1, max-image-preview:large, max-video-preview:-1" />
<link rel="canonical" href="https://kilim-age.com/es/producto/comprar-kilim-barato/" />
<meta property="og:locale" content="es_ES" />
<meta property="og:type" content="article" />
<meta property="og:title" content="Comprar Kilim Barato | Kilim-Age | Rebajas de Primavera -60%" />
<meta property="og:description" content="Comprar Kilim Barato ¿Estás buscando una forma económica de añadir personalidad y encanto a tu hogar? ¡No busques más! Rebajas -60%" />
<meta property="og:url" content="https://kilim-age.com/es/producto/comprar-kilim-barato/" />
<meta property="og:site_name" content="Kilim-Age" />
<meta property="article:modified_time" content="2025-07-30T17:27:00+00:00" />
<meta property="og:image" content="https://kilim-age.com/wp-content/uploads/2024/04/IMG_2839.jpg" />
	<meta property="og:image:width" content="1000" />
	<meta property="og:image:height" content="1300" />
	<meta property="og:image:type" content="image/jpeg" />
<meta name="twitter:card" content="summary_large_image" />
<meta name="twitter:label1" content="Tiempo de lectura" />
	<meta name="twitter:data1" content="1 minuto" />
<script type="application/ld+json" class="yoast-schema-graph">{"@context":"https://schema.org","@graph":[{"@type":"WebPage","@id":"https://kilim-age.com/es/producto/comprar-kilim-barato/","url":"https://kilim-age.com/es/producto/comprar-kilim-barato/","name":"Comprar Kilim Barato | Kilim-Age | Rebajas de Primavera -60%","isPartOf":{"@id":"https://www.kilim-age.com/es/#website"},"primaryImageOfPage":{"@id":"https://kilim-age.com/es/producto/comprar-kilim-barato/#primaryimage"},"image":{"@id":"https://kilim-age.com/es/producto/comprar-kilim-barato/#primaryimage"},"thumbnailUrl":"https://kilim-age.com/wp-content/uploads/2024/04/IMG_2839.jpg","datePublished":"2024-04-23T11:51:04+00:00","dateModified":"2025-07-30T17:27:00+00:00","description":"Comprar Kilim Barato ¿Estás buscando una forma económica de añadir personalidad y encanto a tu hogar? ¡No busques más! Rebajas -60%","breadcrumb":{"@id":"https://kilim-age.com/es/producto/comprar-kilim-barato/#breadcrumb"},"inLanguage":"es","potentialAction":[{"@type":"ReadAction","target":["https://kilim-age.com/es/producto/comprar-kilim-barato/"]}]},{"@type":"ImageObject","inLanguage":"es","@id":"https://kilim-age.com/es/producto/comprar-kilim-barato/#primaryimage","url":"https://kilim-age.com/wp-content/uploads/2024/04/IMG_2839.jpg","contentUrl":"https://kilim-age.com/wp-content/uploads/2024/04/IMG_2839.jpg","width":1000,"height":1300,"caption":"comprar kilim barato"},{"@type":"BreadcrumbList","@id":"https://kilim-age.com/es/producto/comprar-kilim-barato/#breadcrumb","itemListElement":[{"@type":"ListItem","position":1,"name":"Home","item":"https://www.kilim-age.com/es/"},{"@type":"ListItem","position":2,"name":"Shop","item":"https://www.kilim-age.com/es/shop/"},{"@type":"ListItem","position":3,"name":"Kilim turco 117&#215;207 cm"}]},{"@type":"WebSite","@id":"https://www.kilim-age.com/es/#website","url":"https://www.kilim-age.com/es/","name":"Kilim-Age","description":"Somos especialistas en productos artesanales de Turquía como Alfombras, y Kilims","potentialAction":[{"@type":"SearchAction","target":{"@type":"EntryPoint","urlTemplate":"https://www.kilim-age.com/es/?s={search_term_string}"},"query-input":{"@type":"PropertyValueSpecification","valueRequired":true,"valueName":"search_term_string"}}],"inLanguage":"es"}]}</script>
<!-- / Yoast SEO plugin. -->

Comprar Kilim Barato ¿Estás buscando una forma económica de añadir personalidad y encanto a tu hogar? ¡No busques más! Rebajas -60%

Somos especialistas en productos artesanales de Turquía como Alfombras, y Kilims
